*q - 7. Suppose s + 14 + 25 = 4*i, -4*i = q*s - 42. Suppose -2*b + l = -75, -5*b + l + 195 = -0*l. What is the highest common factor of i and b?
10
Let p(r) = 2*r**2 + 7*r. Let b(j) = -j**2 - j. Let a(t) = 3*b(t) + p(t). Let g be a(4). Let v be 9/3 + (1 - g). What is the highest common divisor of 20 and v?
4
Suppose s + 2*f + 0*f - 63 = 0, f + 51 = s. Calculate the greatest common divisor of s and 11.
11
Let t(h) = -h**3 - 5*h**2 - 6*h - 10. Let a be t(-6). Let u = 92 - a. Calculate the greatest common factor of u and 150.
30
Let x = -77 - -93. Let i(s) = s**3 + 9*s**2 + 3*s - 8. Let g be i(-8). What is the highest common divisor of x and g?
16
Let p be -3 - (4/4 - (-12)/(-2)). Let q(i) = -5*i + 1. Let z be q(-3). Calculate the greatest common factor of p and z.
2
Let y = -3 - -8. Suppose 5*j - 10 = -y*z, 4*j + 15 = 4*z + j. What is the highest common divisor of z and 9?
3
Suppose -2*r = -6 - 34. Suppose 0 = 3*f + 2*h - 7 - 8, -6 = -f - h. Suppose l - 19 = -3*n, 0 = -2*n - f*l + 1. What is the greatest common factor of n and r?
4
Suppose -2*i = 5*w - 74, -3*w - 3*i = w - 55. Suppose 0*o = o - 40. Calculate the highest common factor of w and o.
8
Suppose 3*n = 4*l + 43, -3*n + l + 34 - 3 = 0. Suppose 6*c - 2*q - 82 = 2*c, 4*c - 5*q = 97. What is the highest common divisor of c and n?
9
Suppose -3*f = 2*f. Suppose f = -3*n + s + 197 - 66, 0 = 4*n + 4*s - 180. Let d(m) = m - 2. Let x be d(6). Calculate the highest common factor of n and x.
4
Let h = -16 + 29. Calculate the highest common factor of 1 and h.
1
Suppose -6*o + 392 - 56 = 0. What is the highest common factor of 28 and o?
28
Suppose l = -3*i + 78, -2*i + 57 = -0*i - l. Calculate the greatest common divisor of i and 9.
9
Let v be 49 - -1 - (2 + -4). Let t be 204/16 - (-3)/12. What is the greatest common divisor of v and t?
13
Suppose -6 - 19 = -5*o. Suppose 2*z = -x - 4, o*x + 3*z - 6*z = 32. Let h be x/6 + (-74)/(-6). Calculate the highest common factor of h and 26.
13
Let w be (-4)/(-6)*18/4. Suppose w = 3*q - 12. Suppose 0 = 5*n + y - 102, -1 = 4*n - q*y - 71. Calculate the highest common divisor of 20 and n.
20
Suppose -f - 27 = -4*x, -2*f = -4*x - 0*x + 30. Suppose 4*g - 4*c - 28 = 0, g - 3*c = -x*c - 9. What is the highest common factor of 21 and g?
3
Suppose o + 4 = -2*p, -2 = 3*o - 4*o + p. Suppose o = -j + 6*j - 680. What is the greatest common factor of 17 and j?
17
Let m(p) = -21*p**3 + p**2 + p. Let i be m(-1). Let x = i + 75. Suppose q + 96 = l, -2*l + l + x = -5*q. What is the highest common factor of l and 16?
16
Let t(h) = h**2 - 18*h. Let z be t(10). Let m = 124 + z. Suppose 3*o = 4*p + 20 + 9, -3*p = -4*o + 41. What is the highest common divisor of o and m?
11
Let f(d) = d**3 + 16*d**2 - 38*d + 14. Let q be f(-18). What is the highest common factor of 200 and q?
50
Let b(q) = q. Let t be b(9). Calculate the highest common factor of t and 72.
9
Let o = 97 - 46. Calculate the greatest common factor of o and 17.
17
Suppose -4*f = -29 + 9. Let l = -17 + 22. What is the highest common divisor of l and f?
5
Let o be (-65)/30 + 2 - (-76)/24. What is the greatest common divisor of 72 and o?
3
Suppose i + 6 = 2*m, 4*m - 2 = 3*i + 10. Suppose i = -2*u + 75 - 7. Calculate the highest common divisor of u and 51.
17
Let i be ((-48)/14)/((-1)/7). Let o(f) = -f - 5. Let h be o(-4). Let m = i - h. What is the greatest common divisor of 5 and m?
5
Let d be 7/(-3 - (-7)/2). Let r = 59 - 27. Let p = r - d. Calculate the greatest common divisor of 27 and p.
9
Let k be -3 + -2 + 2 + 5. Suppose w = k*w + 3, 0 = -2*s - 5*w - 33. Let c(l) = -2*l - 1. Let z be c(s). What is the greatest common factor of 34 and z?
17
Let c(q) = 5*q - 21. Let b be c(17). Suppose 2*y - 6 = b. Calculate the greatest common divisor of y and 14.
7
Let c = 83 + -53. What is the greatest common factor of c and 150?
30
Let k be (-6)/15 + (-908)/(-20). Let z(t) = 14*t - 4. Let h be z(3). Let s = 68 - h. What is the greatest common factor of s and k?
15
Let z = 5 + 83. Let h = -557 + 565. Calculate the greatest common factor of z and h.
8
Let l = -4 - -12. What is the greatest common factor of 48 and l?
8
Suppose 0 = 9*x - 8*x + 6. Let n(d) = -2*d - 9. Let q be n(x). What is the highest common divisor of q and 27?
3
Suppose 2*f = -3*f + 55. Suppose -31 = -3*s + f. What is the greatest common factor of 56 and s?
14
Let l = -44 + 72. Let z be 3/((-2)/12*-2). Suppose 0 = -2*f + z + 131. What is the greatest common factor of l and f?
14
Let r = -16 - -22. Suppose y = r*y - 495. Calculate the highest common factor of 11 and y.
11
Suppose b - 6 + 3 = 0. Suppose 25 = -0*s + 5*s, 0 = -2*x + b*s + 5. Calculate the highest common divisor of x and 40.
10
Let a be 440/(-28) + 8/(-28). Let u be a/(-4) + 19 + 0. What is the greatest common divisor of 207 and u?
23
Let a(m) = m**3 + m**2 - 4*m + 1. Let o be a(2). Suppose -3*d + 468 = 3*n - o*d, -5*n + 779 = -3*d. Calculate the highest common factor of n and 22.
22
Let p(w) = -6*w - 41. Let a be p(-12). What is the greatest common factor of 248 and a?
31
Let s(y) = y. Let r be s(2). Let i be (-1295)/(-14) + (-2)/4. Suppose 76 = 4*o - 2*p + p, 0 = -5*o + r*p + i. Calculate the highest common factor of o and 4.
4
Let q(k) be the first derivative of -3 - 1/2*k**2 + k. Let f be q(-7). What is the highest common factor of f and 2?
2
Let w(f) = 5*f + 2*f - 5*f - f - 4. Let h be w(6). Let m = 48 + -34. Calculate the greatest common divisor of m and h.
2
Suppose 0 = 9*p - 4*p - 15. Suppose p = z - 9. What is the highest common factor of z and 4?
4
Let g = -8 - -24. Let y = 1 - -23. Calculate the greatest common factor of g and y.
8
Let h = -2 - -7. What is the greatest common divisor of 2 and h?
1
Let w = 111 + -54. Suppose -3*s - w = -6*s. Calculate the greatest common factor of s and 171.
19
Let b = -5 + 21. Let v(p) = -2*p**3 - p**2 - 2*p - 1. Let u be v(-1). Calculate the greatest common factor of u and b.
2
Suppose z - 61 - 163 = -2*k, 562 = 5*k + 3*z. Suppose -12 = 5*x - 122. What is the greatest common factor of k and x?
22
Let j = 18 - -6. Let a be (j/(-15))/((-3)/195). Calculate the greatest common factor of 13 and a.
13
Let r(w) = w**2 + 2*w + 2. Let p be r(-2). Suppose -c + 120 = p*c. Calculate the highest common divisor of 16 and c.
8
Let f be ((-20)/6)/((-2)/(-3)). Let y be 10/(f/(5/2)). Let u = 19 + y. Calculate the greatest common divisor of u and 14.
14
Let r be (-4)/36 - (-786)/27. Calculate the highest common divisor of r and 116.
29
Suppose 4 = -u + 7. Suppose -2*b + 88 = -5*s, -2*b + u*s = -3*b + 44. Suppose -5*q = m - 53, 0 = -3*m - 0*m - 6. Calculate the highest common factor of q and b.
11
Suppose 3*j - 5*r - 37 = 0, -2*j - 2*r + 41 = 3*j. Let a = j - 10. Let s be 1/(1/(-15)*a). What is the highest common divisor of s and 30?
15
Let c be (12/(-5))/(9/(-660)). Let o be ((-12)/(-18))/(3/72). What is the greatest common divisor of c and o?
16
Let c(x) = 2*x**3 - 51*x**2 + 27*x - 17. Let p be c(25). What is the highest common divisor of 66 and p?
33
Let d = 121 + -77. Calculate the highest common divisor of d and 4.
4
Suppose 4 = -3*i + 2*i. Let j be 3 - 2/(2/1). Let l be (1/(-2))/(j/i). What is the highest common factor of 1 and l?
1
Let x(z) = -z**3 + 3*z**2 + 5*z. Let b be x(4). Calculate the highest common divisor of 32 and b.
4
Suppose 4*t + 5*s = 560, 2*s = t - 0*s - 127. Let i be (-5)/((-8)/6 + 1). What is the highest common factor of t and i?
15
Suppose -4*t = -5*b + 110, 12*t + 31 = 2*b + 13*t. What is the greatest common factor of b and 162?
18
Suppose 5*f - 4*r + 2*r - 7 = 0, 0 = -4*f + 3*r. Suppose -f*n = -3*y + 37 - 322, -5*y = 2*n - 155. Calculate the highest common factor of 36 and n.
18
Suppose 4*b - 12 - 28 = 0. Let c be -1 + (-3 - 0)/(-1). Suppose 4*h - c*w = 2*w + 280, 0 = 2*w. What is the highest common divisor of b and h?
10
Let r be -2*-2*5/2. Calculate the greatest common factor of 50 and r.
10
Let m(c) = c**2 - 3*c - 10. Let j be m(7). What is the highest common divisor of 6 and j?
6
Let h be (99/18)/((1/2)/1). Calculate the highest common divisor of h and 143.
11
Let k(w) = -3*w. Let l be k(-7). What is the greatest common divisor of 14 and l?
7
Let i be 12*1*(-4 - 55/(-10)). What is the highest common factor of i and 9?
9
Let o = -65 + 77. What 